{"id":9396,"date":"2018-10-01T13:05:10","date_gmt":"2018-10-01T16:05:10","guid":{"rendered":"http:\/\/www.fabriciolima.net\/?page_id=9396"},"modified":"2019-05-15T09:02:37","modified_gmt":"2019-05-15T12:02:37","slug":"servicos-de-bi","status":"publish","type":"page","link":"https:\/\/fabriciolima.net\/blog\/consultoria-remota\/servicos-de-bi\/","title":{"rendered":"Servi\u00e7os de BI"},"content":{"rendered":"<p>Assim como nossa vertente de administra\u00e7\u00e3o de banco de dados, que possui profissionais refer\u00eancia no mercado, nosso time de BI tamb\u00e9m \u00e9 diferenciado.<\/p>\n<p>Hoje atuamos em duas frentes de BI, Consultorias e Treinamentos.<\/p>\n<h5>Parceria<\/h5>\n<p><img decoding=\"async\" class=\" wp-image-10513 aligncenter\" src=\"https:\/\/fabriciolima.net\/blog\/wp-content\/uploads\/2019\/05\/Soupowertuning2-271x300.jpeg\" alt=\"\" width=\"256\" height=\"284\" srcset=\"https:\/\/fabriciolima.net\/blog\/wp-content\/uploads\/2019\/05\/Soupowertuning2-271x300.jpeg 271w, https:\/\/fabriciolima.net\/blog\/wp-content\/uploads\/2019\/05\/Soupowertuning2-410x454.jpeg 410w, https:\/\/fabriciolima.net\/blog\/wp-content\/uploads\/2019\/05\/Soupowertuning2-100x111.jpeg 100w, https:\/\/fabriciolima.net\/blog\/wp-content\/uploads\/2019\/05\/Soupowertuning2-275x304.jpeg 275w, https:\/\/fabriciolima.net\/blog\/wp-content\/uploads\/2019\/05\/Soupowertuning2-18x20.jpeg 18w, https:\/\/fabriciolima.net\/blog\/wp-content\/uploads\/2019\/05\/Soupowertuning2.jpeg 570w\" sizes=\"(max-width: 256px) 100vw, 256px\" \/><\/p>\n<p>Fizemos uma parceria com os Planilheiros que possuem o maior canal de Power BI do mundo:\u00a0<a href=\"https:\/\/youtube.com\/planilheirosbrasil\" target=\"_blank\" rel=\"noopener\">https:\/\/youtube.com\/planilheirosbrasil<\/a><\/p>\n<p>Tivemos a honra de ser escolhidos por eles para ser o Time de Consultorias deles e eles serem nosso Time de Treinamentos.<\/p>\n<p>Nossos consultores passaram a integrar o canal dos Planilheiros e que o canal agora ter\u00e1 conte\u00fados de BI de ponta a ponta (Do ETL ao PowerBI). Dessa forma, agora ser\u00e3o oferecidos Treinamentos e Consultorias de BI de ponta a ponta para os clientes dos Planilheiros e do Team FabricioLima.<\/p>\n<p>Segue abaixo o link da live onde fizemos esse anuncio com mais detalhes dessa parceria:<\/p>\n<p><iframe loading=\"lazy\" width=\"1170\" height=\"658\" src=\"https:\/\/www.youtube.com\/embed\/5l7ebN5TNUg?start=2&#038;feature=oembed\" frameborder=\"0\" allow=\"accelerometer; autoplay; encrypted-media; gyroscope; picture-in-picture\" allowfullscreen><\/iframe><\/p>\n<h5>Treinamentos<\/h5>\n<p>Como expliquei acima, agora ofertamos os melhores Treinamentos de Power BI do Brasil com os Planilheiros, que j\u00e1 treinaram mais de 5 mil alunos.<\/p>\n<p>Confiram os cursos em:<\/p>\n<p><a href=\"https:\/\/planilheiros.com.br\/nossos-cursos\/\" target=\"_blank\" rel=\"noopener\">https:\/\/planilheiros.com.br\/nossos-cursos\/<\/a><\/p>\n<h5>Consultorias<\/h5>\n<p>Nosso time de Consultoria de BI pode te ajudar a implementar um BI do zero na sua empresa. N\u00e3o ser\u00e1 s\u00f3 a telinha bonita do Power BI, nossos projetos de BI envolvem a contru\u00e7\u00e3o de um ETL e de um DW completo antes de criar as visualiza\u00e7\u00f5es sensacionais que o Power BI nos proporciona.<\/p>\n<p>Em nosso projeto de BI, criamos as visualiza\u00e7\u00f5es no Power BI dos clientes e, ap\u00f3s implantado,\u00a0 nosso objetivo \u00e9 que o pr\u00f3prio cliente aprenda como o Power BI funciona para que ele possa alterar\/criar seus relat\u00f3rios da forma como precisar, com os dados que deixamos disponibilizados para uso. Assim, o cliente consegue seguir a vida com esse grande projeto de BI que ajudamos a construir.<\/p>\n<p>Nosso time de BI \u00e9 liderado por essas duas feras abaixo:<\/p>\n<p>&nbsp;<\/p>\n<p><img decoding=\"async\" class=\"wp-image-10395 aligncenter\" src=\"https:\/\/fabriciolima.net\/blog\/wp-content\/uploads\/2019\/03\/dirceuresende.png\" alt=\"\" width=\"688\" height=\"403\" srcset=\"https:\/\/fabriciolima.net\/blog\/wp-content\/uploads\/2019\/03\/dirceuresende.png 1465w, https:\/\/fabriciolima.net\/blog\/wp-content\/uploads\/2019\/03\/dirceuresende-300x175.png 300w, https:\/\/fabriciolima.net\/blog\/wp-content\/uploads\/2019\/03\/dirceuresende-1024x599.png 1024w, https:\/\/fabriciolima.net\/blog\/wp-content\/uploads\/2019\/03\/dirceuresende-768x449.png 768w, https:\/\/fabriciolima.net\/blog\/wp-content\/uploads\/2019\/03\/dirceuresende-700x409.png 700w, https:\/\/fabriciolima.net\/blog\/wp-content\/uploads\/2019\/03\/dirceuresende-410x240.png 410w, https:\/\/fabriciolima.net\/blog\/wp-content\/uploads\/2019\/03\/dirceuresende-100x58.png 100w, https:\/\/fabriciolima.net\/blog\/wp-content\/uploads\/2019\/03\/dirceuresende-275x161.png 275w, https:\/\/fabriciolima.net\/blog\/wp-content\/uploads\/2019\/03\/dirceuresende-20x12.png 20w\" sizes=\"(max-width: 688px) 100vw, 688px\" \/><\/p>\n<p><img decoding=\"async\" class=\"wp-image-10394 aligncenter\" src=\"https:\/\/fabriciolima.net\/blog\/wp-content\/uploads\/2019\/03\/rafaelmendonca.png\" alt=\"\" width=\"692\" height=\"368\" srcset=\"https:\/\/fabriciolima.net\/blog\/wp-content\/uploads\/2019\/03\/rafaelmendonca.png 1483w, https:\/\/fabriciolima.net\/blog\/wp-content\/uploads\/2019\/03\/rafaelmendonca-300x160.png 300w, https:\/\/fabriciolima.net\/blog\/wp-content\/uploads\/2019\/03\/rafaelmendonca-1024x545.png 1024w, https:\/\/fabriciolima.net\/blog\/wp-content\/uploads\/2019\/03\/rafaelmendonca-768x409.png 768w, https:\/\/fabriciolima.net\/blog\/wp-content\/uploads\/2019\/03\/rafaelmendonca-700x372.png 700w, https:\/\/fabriciolima.net\/blog\/wp-content\/uploads\/2019\/03\/rafaelmendonca-410x218.png 410w, https:\/\/fabriciolima.net\/blog\/wp-content\/uploads\/2019\/03\/rafaelmendonca-100x53.png 100w, https:\/\/fabriciolima.net\/blog\/wp-content\/uploads\/2019\/03\/rafaelmendonca-275x146.png 275w, https:\/\/fabriciolima.net\/blog\/wp-content\/uploads\/2019\/03\/rafaelmendonca-20x11.png 20w\" sizes=\"(max-width: 692px) 100vw, 692px\" \/><\/p>\n<p>Caso tenha interesse em uma Consultoria ou Treinamento de BI, entre em contato pelo e-mail\u00a0<strong>contato@fabriciolima.net <\/strong>ou pelo formul\u00e1rio abaixo<strong>:<\/strong><\/p>\n<div data-test='contact-form' id='contact-form-9396' class='wp-block-jetpack-contact-form-container '>\n<form action='https:\/\/fabriciolima.net\/blog\/consultoria-remota\/servicos-de-bi\/#contact-form-9396' method='post' class='contact-form commentsblock' aria-label=\"Servi\u00e7os de BI\" novalidate>\n\n<div style=\"\" class='grunion-field-name-wrap grunion-field-wrap'  >\n<label\n\t\t\t\tfor='g9396-nome'\n\t\t\t\tclass='grunion-field-label name'>Nome<span class=\"grunion-label-required\" aria-hidden=\"true\">(obrigat\u00f3rio)<\/span><\/label>\n<input\n\t\t\t\t\ttype='text'\n\t\t\t\t\tname='g9396-nome'\n\t\t\t\t\tid='g9396-nome'\n\t\t\t\t\tvalue=''\n\t\t\t\t\tclass='name  grunion-field' \n\t\t\t\t\trequired aria-required='true' \/>\n\t<\/div>\n\n<div style=\"\" class='grunion-field-email-wrap grunion-field-wrap'  >\n<label\n\t\t\t\tfor='g9396-email'\n\t\t\t\tclass='grunion-field-label email'>Email<span class=\"grunion-label-required\" aria-hidden=\"true\">(obrigat\u00f3rio)<\/span><\/label>\n<input\n\t\t\t\t\ttype='email'\n\t\t\t\t\tname='g9396-email'\n\t\t\t\t\tid='g9396-email'\n\t\t\t\t\tvalue=''\n\t\t\t\t\tclass='email  grunion-field' \n\t\t\t\t\trequired aria-required='true' \/>\n\t<\/div>\n\n<div style=\"\" class='grunion-field-textarea-wrap grunion-field-wrap'  >\n<label\n\t\t\t\tfor='contact-form-comment-g9396-comentrio'\n\t\t\t\tclass='grunion-field-label textarea'>Coment\u00e1rio<span class=\"grunion-label-required\" aria-hidden=\"true\">(obrigat\u00f3rio)<\/span><\/label>\n<textarea\n\t\t                style=''\n\t\t                name='g9396-comentrio'\n\t\t                id='contact-form-comment-g9396-comentrio'\n\t\t                rows='20' class='textarea  grunion-field'  required aria-required='true'><\/textarea>\n\t<\/div>\n\t<p class='contact-submit'>\n\t\t<button type='submit' class='pushbutton-wide'>Enviar<\/button>\t\t<input type='hidden' name='contact-form-id' value='9396' \/>\n\t\t<input type='hidden' name='action' value='grunion-contact-form' \/>\n\t\t<input type='hidden' name='contact-form-hash' value='820c5ae67e6601529285e1945a6970ac5cfa8873' \/>\n\t<\/p>\n<p style=\"display: none !important;\" class=\"akismet-fields-container\" data-prefix=\"ak_\"><label>&#916;<textarea name=\"ak_hp_textarea\" cols=\"45\" rows=\"8\" maxlength=\"100\"><\/textarea><\/label><input type=\"hidden\" id=\"ak_js_1\" name=\"ak_js\" value=\"168\"\/><script>document.getElementById( \"ak_js_1\" ).setAttribute( \"value\", ( new Date() ).getTime() );<\/script><\/p><\/form>\n<\/div>\n<p>&nbsp;<\/p>\n","protected":false},"excerpt":{"rendered":"<p>Assim como nossa vertente de administra\u00e7\u00e3o de banco de dados, que possui profissionais refer\u00eancia no mercado, nosso time de BI tamb\u00e9m \u00e9 diferenciado. Hoje atuamos em duas frentes de BI, Consultorias e Treinamentos. Parceria Fizemos uma parceria com os Planilheiros que possuem o maior canal de Power BI do mundo:\u00a0https:\/\/youtube.com\/planilheirosbrasil Tivemos a honra de ser [&hellip;]<\/p>\n","protected":false},"author":1,"featured_media":0,"parent":1826,"menu_order":0,"comment_status":"closed","ping_status":"closed","template":"","meta":{"_exactmetrics_skip_tracking":false,"_exactmetrics_sitenote_active":false,"_exactmetrics_sitenote_note":"","_exactmetrics_sitenote_category":0,"_uf_show_specific_survey":0,"_uf_disable_surveys":false,"jetpack_post_was_ever_published":false,"footnotes":""},"jetpack_sharing_enabled":true,"jetpack-related-posts":[],"jetpack_likes_enabled":true,"jetpack_shortlink":"https:\/\/wp.me\/P7v2hY-2ry","_links":{"self":[{"href":"https:\/\/fabriciolima.net\/blog\/wp-json\/wp\/v2\/pages\/9396"}],"collection":[{"href":"https:\/\/fabriciolima.net\/blog\/wp-json\/wp\/v2\/pages"}],"about":[{"href":"https:\/\/fabriciolima.net\/blog\/wp-json\/wp\/v2\/types\/page"}],"author":[{"embeddable":true,"href":"https:\/\/fabriciolima.net\/blog\/wp-json\/wp\/v2\/users\/1"}],"replies":[{"embeddable":true,"href":"https:\/\/fabriciolima.net\/blog\/wp-json\/wp\/v2\/comments?post=9396"}],"version-history":[{"count":13,"href":"https:\/\/fabriciolima.net\/blog\/wp-json\/wp\/v2\/pages\/9396\/revisions"}],"predecessor-version":[{"id":10516,"href":"https:\/\/fabriciolima.net\/blog\/wp-json\/wp\/v2\/pages\/9396\/revisions\/10516"}],"up":[{"embeddable":true,"href":"https:\/\/fabriciolima.net\/blog\/wp-json\/wp\/v2\/pages\/1826"}],"wp:attachment":[{"href":"https:\/\/fabriciolima.net\/blog\/wp-json\/wp\/v2\/media?parent=9396"}],"curies":[{"name":"wp","href":"https:\/\/api.w.org\/{rel}","templated":true}]}}