{"id":5234,"date":"2016-05-05T09:28:43","date_gmt":"2016-05-05T12:28:43","guid":{"rendered":"http:\/\/www.fabriciolima.net\/?page_id=5234"},"modified":"2019-07-23T22:37:26","modified_gmt":"2019-07-24T01:37:26","slug":"dba-remoto","status":"publish","type":"page","link":"https:\/\/fabriciolima.net\/blog\/consultoria-remota\/dba-remoto\/","title":{"rendered":"DBA REMOTO"},"content":{"rendered":"<p><img decoding=\"async\" class=\"wp-image-5235 alignleft\" src=\"https:\/\/www.fabriciolima.net\/blog\/wp-content\/uploads\/2016\/05\/DBARemoto-300x248.jpg\" alt=\"DBARemoto\" width=\"259\" height=\"214\" srcset=\"https:\/\/fabriciolima.net\/blog\/wp-content\/uploads\/2016\/05\/DBARemoto-300x248.jpg 300w, https:\/\/fabriciolima.net\/blog\/wp-content\/uploads\/2016\/05\/DBARemoto-100x83.jpg 100w, https:\/\/fabriciolima.net\/blog\/wp-content\/uploads\/2016\/05\/DBARemoto-275x227.jpg 275w, https:\/\/fabriciolima.net\/blog\/wp-content\/uploads\/2016\/05\/DBARemoto-20x17.jpg 20w, https:\/\/fabriciolima.net\/blog\/wp-content\/uploads\/2016\/05\/DBARemoto.jpg 400w\" sizes=\"(max-width: 259px) 100vw, 259px\" \/><strong>Monitoramento Remoto do Ambiente, <\/strong>onde a sa\u00fade do seu ambiente de banco de dados monitorado por um time de\u00a0<strong>DBAs certificados <\/strong>com o custo de algumas horas por m\u00eas<strong>.<\/strong><\/p>\n<p>Voc\u00ea que n\u00e3o tem or\u00e7amento para manter um DBA Full Time CLT ou que n\u00e3o tenha demanda na sua empresa para isso, esse servi\u00e7o \u00e9 para voc\u00ea.<\/p>\n<p>N\u00e3o deixe seu banco de dados sendo administrado por colaboradores de infraestrutura ou desenvolvimento, que j\u00e1 possuem muita coisa para estudar e se especializar. Um DBA \u00e9 especialista em banco de dados e te dar\u00e1 maior performance, seguran\u00e7a e disponibilidade para as informa\u00e7\u00f5es da sua empresa.<\/p>\n<p>Seguem\u00a0 detalhes sobre o servi\u00e7o de monitoramento e os outros servi\u00e7os da consultoria, fiz um um pequeno v\u00eddeo com uma apresenta\u00e7\u00e3o:<\/p>\n<ul>\n<li>Recebimento de alertas ser\u00e3o criados no ambiente por e-mail.<\/li>\n<li>Recebimento do CheckList di\u00e1rio do banco de dados por e-mail para atuar proativamente no banco de dados evitando indisponibilidades no ambiente.<\/li>\n<li>Realiza\u00e7\u00e3o de testes de restores dos backups efetuados. N\u00e3o adianta ter backup se eles n\u00e3o forem testados (caso exista infra dispon\u00edvel para isso).<\/li>\n<li>Acompanhamento proativo da performance do SQL Server, n\u00e3o aguardando um problema de lentid\u00e3o acontecer para tomar uma a\u00e7\u00e3o.<\/li>\n<li>Acompanhamento da execu\u00e7\u00e3o dos Jobs do SQL Server.<\/li>\n<li>Acompanhamento dos Backups executados no ambiente.<\/li>\n<li>Execu\u00e7\u00e3o de qualquer demanda relacionada a SQL Server que o cliente tenha.<\/li>\n<\/ul>\n<p>&nbsp;<\/p>\n<h5>Contato<\/h5>\n<p>Para maiores detalhes, pode entrar em contato comigo pelos meios abaixo::<\/p>\n<p><strong>E-mail<\/strong> \u2013\u00a0<strong>comercial@fabriciolima.net<\/strong><\/p>\n<p><strong>Skype<\/strong> \u2013 fabriciolima.net<\/p>\n<p><strong>Telefone \u2013\u00a0<\/strong><strong>\u00a0(027) 99969-4854<\/strong><\/p>\n<p><strong>Facebook<\/strong> \u2013\u00a0<a href=\"https:\/\/www.facebook.com\/pages\/Fabricio-Lima-Consultoria-SQL-Server\/239658476126229\" target=\"_blank\" rel=\"noopener\">https:\/\/www.facebook.com\/pages\/Fabricio-Lima-Consultoria-SQL-Server\/239658476126229<\/a><\/p>\n<p><strong>Twitter<\/strong> \u2013\u00a0<a href=\"https:\/\/twitter.com\/Fabriciodba\" target=\"_blank\" rel=\"noopener\">https:\/\/twitter.com\/Fabriciodba<\/a><\/p>\n<p><strong>Linkedin<\/strong> \u2013\u00a0<a href=\"http:\/\/www.linkedin.com\/pub\/fabricio-fran%C3%A7a-lima\/24\/887\/499\" target=\"_blank\" rel=\"noopener\">http:\/\/www.linkedin.com\/pub\/fabricio-fran%C3%A7a-lima\/24\/887\/499<\/a><\/p>\n<h2>Entre em Contato<\/h2>\n<div data-test='contact-form' id='contact-form-5234' class='wp-block-jetpack-contact-form-container '>\n<form action='https:\/\/fabriciolima.net\/blog\/consultoria-remota\/dba-remoto\/#contact-form-5234' method='post' class='contact-form commentsblock' aria-label=\"DBA REMOTO\" novalidate>\n\n<div style=\"\" class='grunion-field-name-wrap grunion-field-wrap'  >\n<label\n\t\t\t\tfor='g5234-nome'\n\t\t\t\tclass='grunion-field-label name'>Nome<span class=\"grunion-label-required\" aria-hidden=\"true\">(obrigat\u00f3rio)<\/span><\/label>\n<input\n\t\t\t\t\ttype='text'\n\t\t\t\t\tname='g5234-nome'\n\t\t\t\t\tid='g5234-nome'\n\t\t\t\t\tvalue=''\n\t\t\t\t\tclass='name  grunion-field' \n\t\t\t\t\trequired aria-required='true' \/>\n\t<\/div>\n\n<div style=\"\" class='grunion-field-email-wrap grunion-field-wrap'  >\n<label\n\t\t\t\tfor='g5234-email'\n\t\t\t\tclass='grunion-field-label email'>Email<span class=\"grunion-label-required\" aria-hidden=\"true\">(obrigat\u00f3rio)<\/span><\/label>\n<input\n\t\t\t\t\ttype='email'\n\t\t\t\t\tname='g5234-email'\n\t\t\t\t\tid='g5234-email'\n\t\t\t\t\tvalue=''\n\t\t\t\t\tclass='email  grunion-field' \n\t\t\t\t\trequired aria-required='true' \/>\n\t<\/div>\n\n<div style=\"\" class='grunion-field-textarea-wrap grunion-field-wrap'  >\n<label\n\t\t\t\tfor='contact-form-comment-g5234-comentrio'\n\t\t\t\tclass='grunion-field-label textarea'>Coment\u00e1rio<span class=\"grunion-label-required\" aria-hidden=\"true\">(obrigat\u00f3rio)<\/span><\/label>\n<textarea\n\t\t                style=''\n\t\t                name='g5234-comentrio'\n\t\t                id='contact-form-comment-g5234-comentrio'\n\t\t                rows='20' class='textarea  grunion-field'  required aria-required='true'><\/textarea>\n\t<\/div>\n\t<p class='contact-submit'>\n\t\t<button type='submit' class='pushbutton-wide'>Enviar<\/button>\t\t<input type='hidden' name='contact-form-id' value='5234' \/>\n\t\t<input type='hidden' name='action' value='grunion-contact-form' \/>\n\t\t<input type='hidden' name='contact-form-hash' value='f05de56b515bd5b3cf51d2b3a4e3c558cf9939cb' \/>\n\t<\/p>\n<p style=\"display: none !important;\" class=\"akismet-fields-container\" data-prefix=\"ak_\"><label>&#916;<textarea name=\"ak_hp_textarea\" cols=\"45\" rows=\"8\" maxlength=\"100\"><\/textarea><\/label><input type=\"hidden\" id=\"ak_js_1\" name=\"ak_js\" value=\"0\"\/><script>document.getElementById( \"ak_js_1\" ).setAttribute( \"value\", ( new Date() ).getTime() );<\/script><\/p><\/form>\n<\/div>\n","protected":false},"excerpt":{"rendered":"<p>Monitoramento Remoto do Ambiente, onde a sa\u00fade do seu ambiente de banco de dados monitorado por um time de\u00a0DBAs certificados com o custo de algumas horas por m\u00eas. Voc\u00ea que n\u00e3o tem or\u00e7amento para manter um DBA Full Time CLT ou que n\u00e3o tenha demanda na sua empresa para isso, esse servi\u00e7o \u00e9 para voc\u00ea. [&hellip;]<\/p>\n","protected":false},"author":1,"featured_media":0,"parent":1826,"menu_order":0,"comment_status":"open","ping_status":"closed","template":"","meta":{"_exactmetrics_skip_tracking":false,"_exactmetrics_sitenote_active":false,"_exactmetrics_sitenote_note":"","_exactmetrics_sitenote_category":0,"_uf_show_specific_survey":0,"_uf_disable_surveys":false,"jetpack_post_was_ever_published":false,"footnotes":""},"jetpack_sharing_enabled":true,"jetpack-related-posts":[],"jetpack_likes_enabled":true,"jetpack_shortlink":"https:\/\/wp.me\/P7v2hY-1mq","_links":{"self":[{"href":"https:\/\/fabriciolima.net\/blog\/wp-json\/wp\/v2\/pages\/5234"}],"collection":[{"href":"https:\/\/fabriciolima.net\/blog\/wp-json\/wp\/v2\/pages"}],"about":[{"href":"https:\/\/fabriciolima.net\/blog\/wp-json\/wp\/v2\/types\/page"}],"author":[{"embeddable":true,"href":"https:\/\/fabriciolima.net\/blog\/wp-json\/wp\/v2\/users\/1"}],"replies":[{"embeddable":true,"href":"https:\/\/fabriciolima.net\/blog\/wp-json\/wp\/v2\/comments?post=5234"}],"version-history":[{"count":2,"href":"https:\/\/fabriciolima.net\/blog\/wp-json\/wp\/v2\/pages\/5234\/revisions"}],"predecessor-version":[{"id":10691,"href":"https:\/\/fabriciolima.net\/blog\/wp-json\/wp\/v2\/pages\/5234\/revisions\/10691"}],"up":[{"embeddable":true,"href":"https:\/\/fabriciolima.net\/blog\/wp-json\/wp\/v2\/pages\/1826"}],"wp:attachment":[{"href":"https:\/\/fabriciolima.net\/blog\/wp-json\/wp\/v2\/media?parent=5234"}],"curies":[{"name":"wp","href":"https:\/\/api.w.org\/{rel}","templated":true}]}}