{"id":3596,"date":"2015-10-23T15:56:24","date_gmt":"2015-10-23T17:56:24","guid":{"rendered":"http:\/\/www.fabriciolima.net\/blog\/?page_id=3596"},"modified":"2016-10-25T16:02:49","modified_gmt":"2016-10-25T18:02:49","slug":"criando-um-relatorio-de-checklist-diario-do-dba","status":"publish","type":"page","link":"https:\/\/fabriciolima.net\/blog\/cursos-online\/criando-um-relatorio-de-checklist-diario-do-dba\/","title":{"rendered":"Criando um relat\u00f3rio de Checklist para o seu BD &#8211; ONLINE"},"content":{"rendered":"<p>Assim que assumi a fun\u00e7\u00e3o de DBA, li em v\u00e1rios lugares que o DBA teria que fazer um checklist do seu banco de dados diariamente. Nesse checklist entraria: validar os jobs que falharam, backups realizados, \u00edndices fragmentados, espa\u00e7o em disco, error log e etc&#8230;<\/p>\n<p>Eu ficava com medo de esquecer de algo.<\/p>\n<p>Dessa forma, uma das primeiras a\u00e7\u00f5es que fiz quando me tornei um DBA Full time, foi montar um checklist autom\u00e1tico que enviasse informa\u00e7\u00f5es para o meu e-mail.<\/p>\n<p>Em 2010, publiquei um artigo que foi muito acessado e elogiado por todos:<\/p>\n<p><a href=\"https:\/\/www.fabriciolima.net\/blog\/2010\/03\/24\/criando-um-checklist-automatico-do-banco-de-dados\/\" target=\"_blank\">https:\/\/www.fabriciolima.net\/blog\/2010\/03\/24\/criando-um-checklist-automatico-do-banco-de-dados\/<\/a><\/p>\n<p>Eu utilizava o Excel para gerar o meu checklist, mas era muito complicado criar e dar manuten\u00e7\u00e3o nesse Excel. Al\u00e9m disso, eu queria visualizar essa informa\u00e7\u00e3o de forma mais simples ainda, no pr\u00f3prio corpo do e-mail sem precisar abrir uma planilha excel.<\/p>\n<p>Foi a\u00ed que tive a ideia de enviar o relat\u00f3rio de Checklist via HTML. O relat\u00f3rio ficou da forma abaixo:<\/p>\n<p><a href=\"https:\/\/www.fabriciolima.net\/blog\/consultoria-remota\/checklist-do-banco-de-dados\/\" target=\"_blank\">https:\/\/www.fabriciolima.net\/blog\/consultoria-remota\/checklist-do-banco-de-dados\/<\/a><\/p>\n<p>Eu recebo esse relat\u00f3rio de todos os clientes que administro e consigo logo pela manh\u00e3, olhar do celular ou do tablet de forma simples como est\u00e3o os servidores que sou respons\u00e1vel. Para mim isso \u00e9 sensacional!!!<\/p>\n<h5>Pr\u00f3ximas Turmas:<\/h5>\n<ul>\n<li><strong>Esse treinamento foi descontinuado.<br \/>\n<\/strong><\/li>\n<\/ul>\n<p><strong>Esse \u00e9 o CheckList que voc\u00ea vai aprender a criar:<\/strong><\/p>\n<p><a href=\"https:\/\/www.fabriciolima.net\/blog\/wp-content\/uploads\/2016\/08\/CheckList01_SQLReiniciado.png\" target=\"_blank\"><img loading=\"lazy\" decoding=\"async\" class=\"alignleft wp-image-4156\" src=\"https:\/\/www.fabriciolima.net\/blog\/wp-content\/uploads\/2016\/08\/CheckList01_SQLReiniciado.png\" alt=\"\" width=\"722\" height=\"108\" \/><\/a><\/p>\n<p><a href=\"https:\/\/www.fabriciolima.net\/blog\/wp-content\/uploads\/2016\/08\/CheckList02_EspacoDisco.png\" target=\"_blank\"><img loading=\"lazy\" decoding=\"async\" class=\"alignleft wp-image-4157\" src=\"https:\/\/www.fabriciolima.net\/blog\/wp-content\/uploads\/2016\/08\/CheckList02_EspacoDisco.png\" alt=\"\" width=\"727\" height=\"115\" \/><\/a><\/p>\n<p><a href=\"https:\/\/www.fabriciolima.net\/blog\/wp-content\/uploads\/2016\/08\/CheckList03_ArquivoMDFLDF.png\" target=\"_blank\"><img loading=\"lazy\" decoding=\"async\" class=\"alignleft wp-image-4158\" src=\"https:\/\/www.fabriciolima.net\/blog\/wp-content\/uploads\/2016\/08\/CheckList03_ArquivoMDFLDF.png\" alt=\"\" width=\"717\" height=\"285\" \/><\/a><\/p>\n<p><a href=\"https:\/\/www.fabriciolima.net\/blog\/wp-content\/uploads\/2016\/08\/CheckList04_CrescimentoDatabase.png\" target=\"_blank\"><img loading=\"lazy\" decoding=\"async\" class=\"alignleft wp-image-4144\" src=\"https:\/\/www.fabriciolima.net\/blog\/wp-content\/uploads\/2016\/08\/CheckList04_CrescimentoDatabase.png\" alt=\"\" width=\"739\" height=\"286\" \/><\/a><\/p>\n<p><a href=\"https:\/\/www.fabriciolima.net\/blog\/wp-content\/uploads\/2016\/08\/CheckList05_CrescimentoTabela.png\" target=\"_blank\"><img loading=\"lazy\" decoding=\"async\" class=\"alignleft wp-image-4145\" src=\"https:\/\/www.fabriciolima.net\/blog\/wp-content\/uploads\/2016\/08\/CheckList05_CrescimentoTabela.png\" alt=\"\" width=\"737\" height=\"290\" \/><\/a><\/p>\n<p><a href=\"https:\/\/www.fabriciolima.net\/blog\/wp-content\/uploads\/2016\/08\/CheckList06_BackupExecutado.png\" target=\"_blank\"><img loading=\"lazy\" decoding=\"async\" class=\"alignleft wp-image-4146\" src=\"https:\/\/www.fabriciolima.net\/blog\/wp-content\/uploads\/2016\/08\/CheckList06_BackupExecutado.png\" alt=\"\" width=\"733\" height=\"252\" \/><\/a><\/p>\n<p><a href=\"https:\/\/www.fabriciolima.net\/blog\/wp-content\/uploads\/2016\/08\/CheckList07_JOBFailed.png\" target=\"_blank\"><img loading=\"lazy\" decoding=\"async\" class=\"alignleft wp-image-4147\" src=\"https:\/\/www.fabriciolima.net\/blog\/wp-content\/uploads\/2016\/08\/CheckList07_JOBFailed.png\" alt=\"\" width=\"734\" height=\"146\" \/><\/a><\/p>\n<p><a href=\"https:\/\/www.fabriciolima.net\/blog\/wp-content\/uploads\/2016\/08\/CheckList08_JOBAlterado.png\" target=\"_blank\"><img loading=\"lazy\" decoding=\"async\" class=\"alignleft wp-image-4148\" src=\"https:\/\/www.fabriciolima.net\/blog\/wp-content\/uploads\/2016\/08\/CheckList08_JOBAlterado.png\" alt=\"\" width=\"736\" height=\"118\" \/><\/a><\/p>\n<p><a href=\"https:\/\/www.fabriciolima.net\/blog\/wp-content\/uploads\/2016\/08\/CheckList09_JOBDemorado.png\" target=\"_blank\"><img loading=\"lazy\" decoding=\"async\" class=\"alignleft wp-image-4149\" src=\"https:\/\/www.fabriciolima.net\/blog\/wp-content\/uploads\/2016\/08\/CheckList09_JOBDemorado.png\" alt=\"\" width=\"736\" height=\"340\" \/><\/a><\/p>\n<p><a href=\"https:\/\/www.fabriciolima.net\/blog\/wp-content\/uploads\/2016\/08\/CheckList10_QueryDemorada.png\" target=\"_blank\"><img loading=\"lazy\" decoding=\"async\" class=\"alignleft wp-image-4150\" src=\"https:\/\/www.fabriciolima.net\/blog\/wp-content\/uploads\/2016\/08\/CheckList10_QueryDemorada.png\" alt=\"\" width=\"744\" height=\"306\" \/><\/a><\/p>\n<p><a href=\"https:\/\/www.fabriciolima.net\/blog\/wp-content\/uploads\/2016\/08\/CheckList11_Contadores.png\" target=\"_blank\"><img loading=\"lazy\" decoding=\"async\" class=\"alignleft wp-image-4151\" src=\"https:\/\/www.fabriciolima.net\/blog\/wp-content\/uploads\/2016\/08\/CheckList11_Contadores.png\" alt=\"\" width=\"733\" height=\"326\" \/><\/a><\/p>\n<p><a href=\"https:\/\/www.fabriciolima.net\/blog\/wp-content\/uploads\/2016\/08\/CheckList12_FragmentacaoIndice.png\" target=\"_blank\"><img loading=\"lazy\" decoding=\"async\" class=\"alignleft wp-image-4152\" src=\"https:\/\/www.fabriciolima.net\/blog\/wp-content\/uploads\/2016\/08\/CheckList12_FragmentacaoIndice.png\" alt=\"\" width=\"738\" height=\"361\" \/><\/a><\/p>\n<p><a href=\"https:\/\/www.fabriciolima.net\/blog\/wp-content\/uploads\/2016\/08\/CheckList13_WaitStats.png\" target=\"_blank\"><img loading=\"lazy\" decoding=\"async\" class=\"alignleft wp-image-4153\" src=\"https:\/\/www.fabriciolima.net\/blog\/wp-content\/uploads\/2016\/08\/CheckList13_WaitStats.png\" alt=\"\" width=\"738\" height=\"265\" \/><\/a><\/p>\n<p><a href=\"https:\/\/www.fabriciolima.net\/blog\/wp-content\/uploads\/2016\/08\/CheckList14_Mirror.png\" target=\"_blank\"><img loading=\"lazy\" decoding=\"async\" class=\"alignleft wp-image-4154\" src=\"https:\/\/www.fabriciolima.net\/blog\/wp-content\/uploads\/2016\/08\/CheckList14_Mirror.png\" alt=\"\" width=\"735\" height=\"233\" \/><\/a><\/p>\n<p><a href=\"https:\/\/www.fabriciolima.net\/blog\/wp-content\/uploads\/2016\/08\/CheckList15_ErrorLog.png\" target=\"_blank\"><img loading=\"lazy\" decoding=\"async\" class=\"alignleft wp-image-4155\" src=\"https:\/\/www.fabriciolima.net\/blog\/wp-content\/uploads\/2016\/08\/CheckList15_ErrorLog.png\" alt=\"\" width=\"736\" height=\"339\" \/><\/a><\/p>\n","protected":false},"excerpt":{"rendered":"<p>Assim que assumi a fun\u00e7\u00e3o de DBA, li em v\u00e1rios lugares que o DBA teria que fazer um checklist do seu banco de dados diariamente. Nesse checklist entraria: validar os jobs que falharam, backups realizados, \u00edndices fragmentados, espa\u00e7o em disco, error log e etc&#8230; Eu ficava com medo de esquecer de algo. Dessa forma, uma [&hellip;]<\/p>\n","protected":false},"author":1,"featured_media":0,"parent":3239,"menu_order":0,"comment_status":"open","ping_status":"closed","template":"","meta":{"_exactmetrics_skip_tracking":false,"_exactmetrics_sitenote_active":false,"_exactmetrics_sitenote_note":"","_exactmetrics_sitenote_category":0,"footnotes":""},"class_list":["post-3596","page","type-page","status-publish","hentry"],"post_mailing_queue_ids":[],"_links":{"self":[{"href":"https:\/\/fabriciolima.net\/blog\/wp-json\/wp\/v2\/pages\/3596","targetHints":{"allow":["GET"]}}],"collection":[{"href":"https:\/\/fabriciolima.net\/blog\/wp-json\/wp\/v2\/pages"}],"about":[{"href":"https:\/\/fabriciolima.net\/blog\/wp-json\/wp\/v2\/types\/page"}],"author":[{"embeddable":true,"href":"https:\/\/fabriciolima.net\/blog\/wp-json\/wp\/v2\/users\/1"}],"replies":[{"embeddable":true,"href":"https:\/\/fabriciolima.net\/blog\/wp-json\/wp\/v2\/comments?post=3596"}],"version-history":[{"count":0,"href":"https:\/\/fabriciolima.net\/blog\/wp-json\/wp\/v2\/pages\/3596\/revisions"}],"up":[{"embeddable":true,"href":"https:\/\/fabriciolima.net\/blog\/wp-json\/wp\/v2\/pages\/3239"}],"wp:attachment":[{"href":"https:\/\/fabriciolima.net\/blog\/wp-json\/wp\/v2\/media?parent=3596"}],"curies":[{"name":"wp","href":"https:\/\/api.w.org\/{rel}","templated":true}]}}