{"id":2751,"date":"2014-01-24T00:14:28","date_gmt":"2014-01-24T02:14:28","guid":{"rendered":"http:\/\/fabriciolima.net\/blog\/?page_id=2751"},"modified":"2016-06-25T13:16:25","modified_gmt":"2016-06-25T16:16:25","slug":"melhores-praticas-administracao","status":"publish","type":"page","link":"https:\/\/fabriciolima.net\/blog\/consultoria-remota\/melhores-praticas-administracao\/","title":{"rendered":"Melhores Pr\u00e1ticas Administra\u00e7\u00e3o"},"content":{"rendered":"<p><a href=\"https:\/\/www.fabriciolima.net\/blog\/wp-content\/uploads\/2014\/01\/backup.data_.jpg\" target=\"_blank\"><img decoding=\"async\" class=\"size-medium wp-image-2982 alignleft\" title=\"backup.data\" src=\"https:\/\/www.fabriciolima.net\/blog\/wp-content\/uploads\/2014\/01\/backup.data_-300x199.jpg\" alt=\"\" width=\"300\" height=\"199\" srcset=\"https:\/\/fabriciolima.net\/blog\/wp-content\/uploads\/2014\/01\/backup.data_-300x199.jpg 300w, https:\/\/fabriciolima.net\/blog\/wp-content\/uploads\/2014\/01\/backup.data_-410x272.jpg 410w, https:\/\/fabriciolima.net\/blog\/wp-content\/uploads\/2014\/01\/backup.data_-100x66.jpg 100w, https:\/\/fabriciolima.net\/blog\/wp-content\/uploads\/2014\/01\/backup.data_-275x182.jpg 275w, https:\/\/fabriciolima.net\/blog\/wp-content\/uploads\/2014\/01\/backup.data_-20x13.jpg 20w, https:\/\/fabriciolima.net\/blog\/wp-content\/uploads\/2014\/01\/backup.data_.jpg 422w\" sizes=\"(max-width: 300px) 100vw, 300px\" \/><\/a>Por incr\u00edvel que pare\u00e7a, ainda \u00e9 muito comum existir um ambiente que n\u00e3o possua uma estrat\u00e9gia de Backup ou quando possui, essa estrat\u00e9gia n\u00e3o \u00e9 adequada para o neg\u00f3cio. O principal objetivo dessa entrega da consultoria \u00e9 entender a necessidade do cliente e criar uma estrat\u00e9gia de Backup que atenda aos interesses do neg\u00f3cio.<\/p>\n<p>Tamb\u00e9m \u00e9 criada uma rotina para verificar a corrup\u00e7\u00e3o das bases de dados. Quanto antes uma corrup\u00e7\u00e3o for descoberta, menor \u00e9 a chance de acontecer uma perda de dados.<\/p>\n<p>Concluindo, crio um procedimento para registrar as permiss\u00f5es existentes no banco de dados, al\u00e9m de outras rotinas que podem ser visualizadas a seguir.<\/p>\n<p>Benef\u00edcios que ficam no ambiente ap\u00f3s a conclus\u00e3o da consultoria:<\/p>\n<ul>\n<li>Rotina para verificar a integridade do Banco de Dados e identificar corrup\u00e7\u00f5es mais rapidamente.<\/li>\n<li>Rotina de backup estruturadas.<\/li>\n<li>Rotina para monitorar\u00a0 as altera\u00e7\u00f5es de permiss\u00f5es.<\/li>\n<li>Configura\u00e7\u00e3o de envio de e-mails pelo SQL Server.<\/li>\n<\/ul>\n<p><strong><span style=\"color: #0000ff;\">Nessa consultoria, voc\u00ea pode ter sua estrat\u00e9gia de Backup reestruturada para sempre.\u00a0<\/span><\/strong>\u00c9 um investimento \u00fanico com um retorno sem data de expira\u00e7\u00e3o\/renova\u00e7\u00e3o. \u00d3timo custo benef\u00edcio para sua empresa.<\/p>\n<h5>Para refletir:<\/h5>\n<p><em>Backups, Alertas e Monitoramento \u00e9 igual seguro de carro, tenho seguro de carro h\u00e1 5 anos e nunca usei, contudo, o dia que meu carro for roubado, minhas perdas ser\u00e3o m\u00ednimas. Eu pago o seguro para ficar mais tranquilo.<\/em><\/p>\n<p><em>O mesmo vale para um banco de dados de uma empresa que vale muito mais que um carro. Seu banco de dados pode estar h\u00e1 5 anos sem nenhum problema, contudo, o dia que acontecer um problema grave e voc\u00ea n\u00e3o tiver preparado, suas perdas podem ser muito maiores do que seria se seu carro fosse roubado.<\/em><\/p>\n<p><em>Vale a pena fazer um \u201cseguro\u201d do banco de dados da sua empresa?<\/em><\/p>\n<p>&nbsp;<\/p>\n<h5>Contato:<\/h5>\n<p>Para maiores detalhes, voc\u00ea pode entrar em contato comigo pelos meios abaixo:<\/p>\n<p><strong>E-mail<\/strong> &#8211;\u00a0<strong>contato@fabriciolima.net<\/strong><\/p>\n<p><strong>Skype<\/strong> &#8211; fabriciolima.net<\/p>\n<p><strong>Telefone &#8211;\u00a0<\/strong>(027) 3109-9159 \/<strong> (027) 99969-4854<\/strong><\/p>\n<p><strong>Facebook<\/strong> &#8211;\u00a0<a href=\"https:\/\/www.facebook.com\/pages\/Fabricio-Lima-Consultoria-SQL-Server\/239658476126229\" target=\"_blank\">https:\/\/www.facebook.com\/pages\/Fabricio-Lima-Consultoria-SQL-Server\/239658476126229<\/a><\/p>\n<p><strong>Twitter<\/strong> &#8211;\u00a0<a href=\"https:\/\/twitter.com\/Fabriciodba\" target=\"_blank\">https:\/\/twitter.com\/Fabriciodba<\/a><\/p>\n<p><strong>Linkedin<\/strong> &#8211;\u00a0<a href=\"http:\/\/www.linkedin.com\/pub\/fabricio-fran%C3%A7a-lima\/24\/887\/499\" target=\"_blank\">http:\/\/www.linkedin.com\/pub\/fabricio-fran%C3%A7a-lima\/24\/887\/499<\/a><\/p>\n","protected":false},"excerpt":{"rendered":"<p>Por incr\u00edvel que pare\u00e7a, ainda \u00e9 muito comum existir um ambiente que n\u00e3o possua uma estrat\u00e9gia de Backup ou quando possui, essa estrat\u00e9gia n\u00e3o \u00e9 adequada para o neg\u00f3cio. O principal objetivo dessa entrega da consultoria \u00e9 entender a necessidade do cliente e criar uma estrat\u00e9gia de Backup que atenda aos interesses do neg\u00f3cio. Tamb\u00e9m [&hellip;]<\/p>\n","protected":false},"author":1,"featured_media":0,"parent":1826,"menu_order":0,"comment_status":"open","ping_status":"open","template":"","meta":{"_exactmetrics_skip_tracking":false,"_exactmetrics_sitenote_active":false,"_exactmetrics_sitenote_note":"","_exactmetrics_sitenote_category":0,"_uf_show_specific_survey":0,"_uf_disable_surveys":false,"jetpack_post_was_ever_published":false,"footnotes":""},"jetpack_sharing_enabled":true,"jetpack-related-posts":[],"jetpack_likes_enabled":true,"jetpack_shortlink":"https:\/\/wp.me\/P7v2hY-In","_links":{"self":[{"href":"https:\/\/fabriciolima.net\/blog\/wp-json\/wp\/v2\/pages\/2751"}],"collection":[{"href":"https:\/\/fabriciolima.net\/blog\/wp-json\/wp\/v2\/pages"}],"about":[{"href":"https:\/\/fabriciolima.net\/blog\/wp-json\/wp\/v2\/types\/page"}],"author":[{"embeddable":true,"href":"https:\/\/fabriciolima.net\/blog\/wp-json\/wp\/v2\/users\/1"}],"replies":[{"embeddable":true,"href":"https:\/\/fabriciolima.net\/blog\/wp-json\/wp\/v2\/comments?post=2751"}],"version-history":[{"count":0,"href":"https:\/\/fabriciolima.net\/blog\/wp-json\/wp\/v2\/pages\/2751\/revisions"}],"up":[{"embeddable":true,"href":"https:\/\/fabriciolima.net\/blog\/wp-json\/wp\/v2\/pages\/1826"}],"wp:attachment":[{"href":"https:\/\/fabriciolima.net\/blog\/wp-json\/wp\/v2\/media?parent=2751"}],"curies":[{"name":"wp","href":"https:\/\/api.w.org\/{rel}","templated":true}]}}