{"id":1716,"date":"2012-08-26T17:02:06","date_gmt":"2012-08-26T19:02:06","guid":{"rendered":"http:\/\/fabriciolima.net\/blog\/"},"modified":"2012-08-26T18:57:35","modified_gmt":"2012-08-26T20:57:35","slug":"sql-server","status":"publish","type":"page","link":"https:\/\/fabriciolima.net\/blog\/sql-server\/","title":{"rendered":"SQL Server"},"content":{"rendered":"<p>Menu principal das p\u00e1ginas referentes a SQL Server:<\/p>\n<ul>\n<li>Scripts<\/li>\n<li>Downloads<\/li>\n<li>Materiais para Estudo<\/li>\n<\/ul>\n","protected":false},"excerpt":{"rendered":"<p>Menu principal das p\u00e1ginas referentes a SQL Server: Scripts Downloads Materiais para Estudo<\/p>\n","protected":false},"author":1,"featured_media":0,"parent":0,"menu_order":2,"comment_status":"open","ping_status":"open","template":"","meta":{"_exactmetrics_skip_tracking":false,"_exactmetrics_sitenote_active":false,"_exactmetrics_sitenote_note":"","_exactmetrics_sitenote_category":0,"footnotes":""},"class_list":["post-1716","page","type-page","status-publish","hentry"],"jetpack-related-posts":[{"id":417,"url":"https:\/\/fabriciolima.net\/blog\/sql-server\/downloads\/","url_meta":{"origin":1716,"position":0},"title":"Downloads","author":"Fabr\u00edcio Lima","date":"11 de fevereiro de 2011","format":false,"excerpt":"Nesta p\u00e1gina deixarei links de diversos tipos de downloads relacionados ao SQL Server. OBS1: Fique a vontade para informar outros links nos coment\u00e1rios. \u00daltima Atualiza\u00e7\u00e3o: 06\/10\/2017 \u00a0 Free E-Books sobre SQL Server para Download Segue abaixo o link de um post que atualizo frequentemente com diversos E-Books Gratuitos: https:\/\/www.fabriciolima.net\/blog\/2010\/12\/03\/free-ebooks-sobre-sql-server-para-download\/ Materiais\u2026","rel":"","context":"Post similar","block_context":{"text":"Post similar","link":""},"img":{"alt_text":"","src":"","width":0,"height":0},"classes":[]},{"id":751,"url":"https:\/\/fabriciolima.net\/blog\/sql-server\/scripts\/","url_meta":{"origin":1716,"position":1},"title":"Scripts","author":"Fabr\u00edcio Lima","date":"22 de maio de 2011","format":false,"excerpt":"Fala Pessoal, Agora temos um Github com os Scripts que utilizamos em nosso dia a dia de trabalho como DBA realizando consultorias em nossos clientes. Segue o link para baixar os Scripts do nosso Github: https:\/\/github.com\/FabricioLimaSolucoesEmBD\/SQLScripts Esses scripts foram encontrados e adaptados de algum livro ou site na internet nos\u2026","rel":"","context":"Com 32 coment\u00e1rios","block_context":{"text":"Com 32 coment\u00e1rios","link":"https:\/\/fabriciolima.net\/blog\/sql-server\/scripts\/#comments"},"img":{"alt_text":"","src":"https:\/\/i0.wp.com\/www.fabriciolima.net\/blog\/wp-content\/uploads\/2018\/06\/microsoft_github.png?resize=350%2C200&ssl=1","width":350,"height":200},"classes":[]},{"id":6222,"url":"https:\/\/fabriciolima.net\/blog\/sql-server\/materiais-certificacao\/","url_meta":{"origin":1716,"position":2},"title":"Materiais para Certifica\u00e7\u00e3o","author":"Fabr\u00edcio Lima","date":"6 de agosto de 2016","format":false,"excerpt":"Nesta p\u00e1gina deixarei links e informa\u00e7\u00f5es sobre Certifica\u00e7\u00f5es na \u00e1rea de Tecnologia de Informa\u00e7\u00e3o. OBS: Fiquem a vontade para sugerir outros Links e Materiais nos Coment\u00e1rios. \u00daltima Atualiza\u00e7\u00e3o: 05\/06\/2018 \u00a0 Free E-Books sobre SQL Server para Download Segue abaixo o link de um post que atualizo frequentemente com diversos E-Books\u2026","rel":"","context":"Post similar","block_context":{"text":"Post similar","link":""},"img":{"alt_text":"","src":"","width":0,"height":0},"classes":[]},{"id":394,"url":"https:\/\/fabriciolima.net\/blog\/sql-server\/materiais-para-estudo\/","url_meta":{"origin":1716,"position":3},"title":"Materiais para Estudo","author":"Fabr\u00edcio Lima","date":"31 de janeiro de 2011","format":false,"excerpt":"Fala Pessoal, Segue abaixo uma s\u00e9rie de Materiais para Estudo Gratuitos para que voc\u00eas possam aumentar seus conhecimentos sobre SQL Server. \u00daltima Atualiza\u00e7\u00e3o: 12\/06\/2017 \u00a0 Free E-Books sobre SQL Server para Download Segue abaixo o link de um post que atualizo frequentemente com diversos E-Books Gratuitos: https:\/\/www.fabriciolima.net\/blog\/2010\/12\/03\/free-ebooks-sobre-sql-server-para-download\/ Materiais para Certifica\u00e7\u00e3o\u2026","rel":"","context":"Post similar","block_context":{"text":"Post similar","link":""},"img":{"alt_text":"","src":"","width":0,"height":0},"classes":[]},{"id":3244,"url":"https:\/\/fabriciolima.net\/blog\/cursos-online\/treinamento-tarefas-do-dia-a-dia-de-um-dba-online\/","url_meta":{"origin":1716,"position":4},"title":"Tarefas do Dia a Dia de um DBA &#8211; Ao Vivo ou na Udemy","author":"Fabr\u00edcio Lima","date":"12 de fevereiro de 2015","format":false,"excerpt":"\u00a0 Esse treinamento foi sucesso de p\u00fablico quando ministrado de forma AO VIVO para mais de 200 alunos. Quando parei de ministrar ao vivo, coloquei a grava\u00e7\u00e3o de uma turma na udemy e tamb\u00e9m foi sucesso, sendo realizado por mais de 100 alunos. Atendendo a pedidos, trouxe a grava\u00e7\u00e3o desse\u2026","rel":"","context":"Com 28 coment\u00e1rios","block_context":{"text":"Com 28 coment\u00e1rios","link":"https:\/\/fabriciolima.net\/blog\/cursos-online\/treinamento-tarefas-do-dia-a-dia-de-um-dba-online\/#comments"},"img":{"alt_text":"","src":"https:\/\/i0.wp.com\/www.fabriciolima.net\/blog\/wp-content\/uploads\/2018\/05\/banner-treinamentos2.jpg?resize=350%2C200&ssl=1","width":350,"height":200,"srcset":"https:\/\/i0.wp.com\/www.fabriciolima.net\/blog\/wp-content\/uploads\/2018\/05\/banner-treinamentos2.jpg?resize=350%2C200&ssl=1 1x, https:\/\/i0.wp.com\/www.fabriciolima.net\/blog\/wp-content\/uploads\/2018\/05\/banner-treinamentos2.jpg?resize=525%2C300&ssl=1 1.5x, https:\/\/i0.wp.com\/www.fabriciolima.net\/blog\/wp-content\/uploads\/2018\/05\/banner-treinamentos2.jpg?resize=700%2C400&ssl=1 2x"},"classes":[]},{"id":11,"url":"https:\/\/fabriciolima.net\/blog\/blog\/arquivo\/","url_meta":{"origin":1716,"position":5},"title":"Arquivo","author":"Fabr\u00edcio Lima","date":"26 de janeiro de 2011","format":false,"excerpt":"Segue abaixo o link de todos os Posts publicados neste Blog: 2020 - (9 Posts) 393 - 19\/04\/2020 - Monitoramento no SQL Server - O que fazer quando receber um alerta de CPU? 392 - 29\/03\/2020 - Monitoramento no SQL Server -\u00a0 O que fazer quando receber um alerta e\u2026","rel":"","context":"Post similar","block_context":{"text":"Post similar","link":""},"img":{"alt_text":"","src":"","width":0,"height":0},"classes":[]}],"post_mailing_queue_ids":[],"_links":{"self":[{"href":"https:\/\/fabriciolima.net\/blog\/wp-json\/wp\/v2\/pages\/1716","targetHints":{"allow":["GET"]}}],"collection":[{"href":"https:\/\/fabriciolima.net\/blog\/wp-json\/wp\/v2\/pages"}],"about":[{"href":"https:\/\/fabriciolima.net\/blog\/wp-json\/wp\/v2\/types\/page"}],"author":[{"embeddable":true,"href":"https:\/\/fabriciolima.net\/blog\/wp-json\/wp\/v2\/users\/1"}],"replies":[{"embeddable":true,"href":"https:\/\/fabriciolima.net\/blog\/wp-json\/wp\/v2\/comments?post=1716"}],"version-history":[{"count":0,"href":"https:\/\/fabriciolima.net\/blog\/wp-json\/wp\/v2\/pages\/1716\/revisions"}],"wp:attachment":[{"href":"https:\/\/fabriciolima.net\/blog\/wp-json\/wp\/v2\/media?parent=1716"}],"curies":[{"name":"wp","href":"https:\/\/api.w.org\/{rel}","templated":true}]}}